{"id":98,"date":"2018-09-11T12:34:02","date_gmt":"2018-09-11T12:34:02","guid":{"rendered":"https:\/\/portalcomercio.com.br\/aguia\/brinquedos\/?page_id=98"},"modified":"2021-09-28T14:04:15","modified_gmt":"2021-09-28T14:04:15","slug":"contato","status":"publish","type":"page","link":"http:\/\/jsrs.com.br\/?page_id=98","title":{"rendered":"Cota\u00e7\u00e3o"},"content":{"rendered":"\r\n<p class=\"x_MsoNormal\">DELL, MICROSOFT, LENOVO, ADOBE, HPE, APC, SMS, LG, KINGSTON, DROPBOX, SYMANTEC, KASPERSKY , SKYONE\u00a0 ENTRE OUTROS.<\/p>\r\n<p class=\"x_MsoNormal\">A maneira r\u00e1pida para atender sua cota\u00e7\u00e3o ,coloque os dados da cota\u00e7\u00e3o e aguarde nosso vendedor responder ! Informe se precisa da resposta com urg\u00eancia .<\/p>\r\n<p class=\"x_MsoNormal\">(Obs. Cota\u00e7\u00f5es ,\u00e9 para clientes finais).<\/p>\r\n<p>&nbsp;<\/p>\r\n<div role=\"form\" class=\"wpcf7\" id=\"wpcf7-f320-o1\" lang=\"pt-BR\" dir=\"ltr\">\n<div class=\"screen-reader-response\"><\/div>\n<form action=\"\/index.php?rest_route=%2Fwp%2Fv2%2Fpages%2F98#wpcf7-f320-o1\" method=\"post\" class=\"wpcf7-form\" novalidate=\"novalidate\">\n<div style=\"display: none;\">\n<input type=\"hidden\" name=\"_wpcf7\" value=\"320\" \/>\n<input type=\"hidden\" name=\"_wpcf7_version\" value=\"5.0\" \/>\n<input type=\"hidden\" name=\"_wpcf7_locale\" value=\"pt_BR\" \/>\n<input type=\"hidden\" name=\"_wpcf7_unit_tag\" value=\"wpcf7-f320-o1\" \/>\n<input type=\"hidden\" name=\"_wpcf7_container_post\" value=\"0\" \/>\n<\/div>\n<p><label> Nome da empresa (obrigat\u00f3rio)<br \/>\n    <span class=\"wpcf7-form-control-wrap your-name\"><input type=\"text\" name=\"your-name\" value=\"\" size=\"40\" class=\"wpcf7-form-control wpcf7-text wpcf7-validates-as-required\" aria-required=\"true\" aria-invalid=\"false\" \/><\/span> <\/label><\/p>\n<p><label> CNPJ (obrigat\u00f3rio)<br \/>\n    <span class=\"wpcf7-form-control-wrap your-cnpj\"><input type=\"text\" name=\"your-cnpj\" value=\"\" size=\"40\" class=\"wpcf7-form-control wpcf7-text wpcf7-validates-as-required\" aria-required=\"true\" aria-invalid=\"false\" \/><\/span> <\/label><\/p>\n<p><label>Cidade \/ Estado(obrigat\u00f3rio)<br \/>\n    <span class=\"wpcf7-form-control-wrap your-cidadeestado\"><input type=\"text\" name=\"your-cidadeestado\" value=\"\" size=\"40\" class=\"wpcf7-form-control wpcf7-text wpcf7-validates-as-required\" aria-required=\"true\" aria-invalid=\"false\" \/><\/span> <\/label><\/p>\n<p><label> E-mail (obrigat\u00f3rio)<br \/>\n    <span class=\"wpcf7-form-control-wrap your-email\"><input type=\"email\" name=\"your-email\" value=\"\" size=\"40\" class=\"wpcf7-form-control wpcf7-text wpcf7-email wpcf7-validates-as-required wpcf7-validates-as-email\" aria-required=\"true\" aria-invalid=\"false\" \/><\/span> <\/label><\/p>\n<p><label> Nome e sobrenome (obrigat\u00f3rio)<br \/>\n    <span class=\"wpcf7-form-control-wrap your-name2\"><input type=\"text\" name=\"your-name2\" value=\"\" size=\"40\" class=\"wpcf7-form-control wpcf7-text wpcf7-validates-as-required\" aria-required=\"true\" aria-invalid=\"false\" \/><\/span> <\/label><\/p>\n<p><label> Telefone \/ WhatsApp (obrigat\u00f3rio)<br \/>\n    <span class=\"wpcf7-form-control-wrap your-fones\"><input type=\"text\" name=\"your-fones\" value=\"\" size=\"40\" class=\"wpcf7-form-control wpcf7-text wpcf7-validates-as-required\" aria-required=\"true\" aria-invalid=\"false\" \/><\/span> <\/label><\/p>\n<p><label> Coloque aqui os itens para cota\u00e7\u00e3o:<br \/>\n    <span class=\"wpcf7-form-control-wrap your-message\"><textarea name=\"your-message\" cols=\"40\" rows=\"10\" class=\"wpcf7-form-control wpcf7-textarea\" aria-invalid=\"false\"><\/textarea><\/span> <\/label><\/p>\n<p><input type=\"submit\" value=\"Enviar\" class=\"wpcf7-form-control wpcf7-submit\" \/><\/p>\n<div class=\"wpcf7-response-output wpcf7-display-none\"><\/div><\/form><\/div>\r\n<p style=\"text-align: center;\">\u00a0<\/p>\r\n","protected":false},"excerpt":{"rendered":"<div class=\"slide-text-bg2\"><span>DELL, MICROSOFT, LENOVO, ADOBE, HPE, APC, SMS, LG, KINGSTON, DROPBOX, SYMANTEC, KASPERSKY , SKYONE\u00a0 ENTRE OUTROS. A maneira r\u00e1pida para atender sua cota?<\/span><\/div>\n<div class=\"slide-btn-area-sm\"><a href=\"http:\/\/jsrs.com.br\/?page_id=98\" class=\"slide-btn-sm\">Ler mais<\/a><\/div>\n","protected":false},"author":1,"featured_media":0,"parent":0,"menu_order":0,"comment_status":"closed","ping_status":"closed","template":"","meta":[],"_links":{"self":[{"href":"http:\/\/jsrs.com.br\/index.php?rest_route=\/wp\/v2\/pages\/98"}],"collection":[{"href":"http:\/\/jsrs.com.br\/index.php?rest_route=\/wp\/v2\/pages"}],"about":[{"href":"http:\/\/jsrs.com.br\/index.php?rest_route=\/wp\/v2\/types\/page"}],"author":[{"embeddable":true,"href":"http:\/\/jsrs.com.br\/index.php?rest_route=\/wp\/v2\/users\/1"}],"replies":[{"embeddable":true,"href":"http:\/\/jsrs.com.br\/index.php?rest_route=%2Fwp%2Fv2%2Fcomments&post=98"}],"version-history":[{"count":34,"href":"http:\/\/jsrs.com.br\/index.php?rest_route=\/wp\/v2\/pages\/98\/revisions"}],"predecessor-version":[{"id":351,"href":"http:\/\/jsrs.com.br\/index.php?rest_route=\/wp\/v2\/pages\/98\/revisions\/351"}],"wp:attachment":[{"href":"http:\/\/jsrs.com.br\/index.php?rest_route=%2Fwp%2Fv2%2Fmedia&parent=98"}],"curies":[{"name":"wp","href":"https:\/\/api.w.org\/{rel}","templated":true}]}}