{"id":5,"date":"2018-02-21T19:49:56","date_gmt":"2018-02-21T19:49:56","guid":{"rendered":"https:\/\/portalcomercio.com.br\/aguia\/brinquedos\/?page_id=5"},"modified":"2021-09-28T13:58:13","modified_gmt":"2021-09-28T13:58:13","slug":"aempresa","status":"publish","type":"page","link":"http:\/\/jsrs.com.br\/?page_id=5","title":{"rendered":"Quem Somos"},"content":{"rendered":"<p class=\"x_MsoNormal\"><span data-ogsc=\"rgb(51, 51, 51)\" data-ogsb=\"white\">A JSRS Com\u00e9rcio de Inform\u00e1tica e Intermedia\u00e7\u00e3o de Neg\u00f3cio, com intuito de trazer tecnologia e facilidade para seus clientes no setor de inform\u00e1tica e Telecom<\/span><\/p>\n<p class=\"x_MsoNormal\"><span data-ogsc=\"rgb(51, 51, 51)\" data-ogsb=\"white\">no seguimento de empresas de pequeno, m\u00e9dio e grande porte em servi\u00e7o de TI. Nosso trabalho \u00e9 levar mais tecnologia dos produtos gerando melhor custo e benef\u00edcio para sua empresa.<\/span><\/p>\n<p class=\"x_MsoNormal\">\n<p class=\"x_MsoNormal\">A JSRS \u00e9 uma empresa de intermedia\u00e7\u00e3o de neg\u00f3cios de inform\u00e1tica e prestadora de servi\u00e7os. Com forte parceria e diversos distribuidores de produtos de Software, Hardware e Servi\u00e7os de transforma\u00e7\u00e3o digital para atender as expectativas dos consumidores e empresas que precisam garantir que sua TI e suas aplica\u00e7\u00f5es, operem em um ambiente seguro ,agora e no futuro migrando para nuvem ,tudo isso nos possibilita buscar no mercado as melhores condi\u00e7\u00f5es para atender as suas necessidades.<\/p>\n<p class=\"x_MsoNormal\">\n<p class=\"x_MsoNormal\">Estas s\u00e3o algumas marcas que trabalhamos:<\/p>\n<p class=\"x_MsoNormal\">KASPERSKY<\/p>\n<p class=\"x_MsoNormal\">MCAFEE<\/p>\n<p class=\"x_MsoNormal\">ACER<\/p>\n<p class=\"x_MsoNormal\">LENOVO<\/p>\n<p class=\"x_MsoNormal\">APC<\/p>\n<p class=\"x_MsoNormal\">HP<\/p>\n<p class=\"x_MsoNormal\">EPSON<\/p>\n<p class=\"x_MsoNormal\">INTELBRAS<\/p>\n<p class=\"x_MsoNormal\">LG<\/p>\n<p class=\"x_MsoNormal\">LOGITECH<\/p>\n<p class=\"x_MsoNormal\">SAMSUNG<\/p>\n<p class=\"x_MsoNormal\">BROTHER E OUTRAS<\/p>\n<p>&nbsp;<\/p>\n","protected":false},"excerpt":{"rendered":"<div class=\"slide-text-bg2\"><span>A JSRS Com\u00e9rcio de Inform\u00e1tica e Intermedia\u00e7\u00e3o de Neg\u00f3cio, com intuito de trazer tecnologia e facilidade para seus clientes no setor de inform\u00e1tica e<\/span><\/div>\n<div class=\"slide-btn-area-sm\"><a href=\"http:\/\/jsrs.com.br\/?page_id=5\" class=\"slide-btn-sm\">Ler mais<\/a><\/div>\n","protected":false},"author":1,"featured_media":0,"parent":0,"menu_order":0,"comment_status":"closed","ping_status":"closed","template":"","meta":[],"_links":{"self":[{"href":"http:\/\/jsrs.com.br\/index.php?rest_route=\/wp\/v2\/pages\/5"}],"collection":[{"href":"http:\/\/jsrs.com.br\/index.php?rest_route=\/wp\/v2\/pages"}],"about":[{"href":"http:\/\/jsrs.com.br\/index.php?rest_route=\/wp\/v2\/types\/page"}],"author":[{"embeddable":true,"href":"http:\/\/jsrs.com.br\/index.php?rest_route=\/wp\/v2\/users\/1"}],"replies":[{"embeddable":true,"href":"http:\/\/jsrs.com.br\/index.php?rest_route=%2Fwp%2Fv2%2Fcomments&post=5"}],"version-history":[{"count":11,"href":"http:\/\/jsrs.com.br\/index.php?rest_route=\/wp\/v2\/pages\/5\/revisions"}],"predecessor-version":[{"id":341,"href":"http:\/\/jsrs.com.br\/index.php?rest_route=\/wp\/v2\/pages\/5\/revisions\/341"}],"wp:attachment":[{"href":"http:\/\/jsrs.com.br\/index.php?rest_route=%2Fwp%2Fv2%2Fmedia&parent=5"}],"curies":[{"name":"wp","href":"https:\/\/api.w.org\/{rel}","templated":true}]}}